 = -60*u**2 + 12*u**2 + 14*u**2 + 19*u**2 + 12*u + 10 + 14*u**2. Give a(g).
-3
Suppose y - 6 = -5*g - 18, -g - 3 = 0. Suppose -y*l = -4 + 1. Let v(r) = -7*r**3 + r**2 - r. Give v(l).
-7
Suppose -3*l + 28 = 3*y - 83, -164 = -4*l + 4*y. Let v be 2*1 - (-1 + -1). Let k(b) = 9*b - 2*b + 0 + l*b**2 - 38*b**2 + v. Determine k(-5).
-6
Let n(d) = 17114*d - 34213*d + 17112*d - 15. Give n(8).
89
Let t(m) = 264*m - 2116. Let s be t(8). Let x(f) = f**3 + 3*f**2 - 5*f + 9. Determine x(s).
13
Let c(n) = 4*n**2 - 6*n - 12. Let x be (-2 - -5)/1 + (-31 - (15 + -39)). What is c(x)?
76
Let x(s) = s + 4. Let d be (1 - 34/(-5))*-5. Let f = -20 - d. Suppose 5*w = -64 + f. Give x(w).
-5
Let b be ((-22)/2)/(3 - 4). Let f = b + -15. Let u(l) = -47*l**2 + 152*l**2 + 2*l + 5 - 51*l**2 - 53*l**2. Calculate u(f).
13
Let h = -230 + 228. Let a be 195/(-25) - (24/15)/h. Let d(s) = -2*s - 7. Calculate d(a).
7
Let i(r) = r**3 + 5*r**2 - r + 5. Suppose -1868 = 5*l - 4*u, 0 = 2*l + 5*u + 85 + 649. Let b = 367 + l. Give i(b).
10
Let f(u) be the third derivative of -u**5/60 - u**4/2 - 23*u**3/6 + 6226*u**2. What is f(-11)?
-12
Let v(a) = 1 - 1 + 5*a. Suppose 0 = -5*r + 20, -4*r = -4*h - 9 + 45. Suppose 0 = h*k - 8*k - 15. Calculate v(k).
15
Let u(g) = -9*g + 29. Let a be u(3). Let z = 58 - 27. Let b(y) = y**a - 2*y**2 - 5*y - 36 + z. Give b(-5).
-5
Let j(z) = -z**2 + 21*z + 22. Let m be -44*((-18)/12)/(-2 + 3 - -2). Calculate j(m).
0
Suppose -8*c + 112 = -2*f, 2*f + 5*c = -305 + 271. Let v(q) = -q**3 - 32*q**2 - 2*q - 63. Give v(f).
1
Let n(i) = -2*i**2 - 4847*i + 4847*i + 1. Suppose 227 = -2*l + 225. Give n(l).
-1
Let t(q) = 7*q**3 - 15*q**2 - 16*q + 14. Let m(n) = 60*n**3 - 121*n**2 - 130*n + 109. Let i(g) = -2*m(g) + 17*t(g). Calculate i(-12).
20
Let a(l) = -178*l - 174*l - 175*l + 3*l**2 + 525*l. What is a(1)?
1
Let r(p) = -3*p + 1 + 6*p - p**2 - 4*p + 2*p + 7*p. Suppose y - 5 = 2. What is r(y)?
8
Let u(l) = -5*l + 8. Let j(a) be the second derivative of -a**2/2 + 170*a. Let s = 1 + 0. Let m(p) = s*u(p) + 6*j(p). What is m(-2)?
12
Let g(u) = 178*u + 5883. Let j be g(-33). Let y(c) = 4*c + 6 - 3*c + c. Calculate y(j).
24
Let p(z) = 20 + z**3 + 19*z - 48*z - 28*z - 43 + 26*z**2. Let r be p(-28). Let h(n) = 9*n - 3*n - 3*n + 2 - r. What is h(-6)?
-21
Let z(r) = -22 + 0*r - 44 - r + 68. Suppose -3 = -17*s + 16*s. What is z(s)?
-1
Let c(o) = -8*o**2 - 2*o - 3. Let s(j) = 30*j**2 + 9*j - 3. Let k(f) = -3*c(f) - s(f). Determine k(-4).
-72
Let a(m) = m**3 + 876*m**2 + 885*m**2 - 2*m**3 - 1756*m**2 - 3*m + 9. Give a(5).
-6
Suppose 2*m + 0 = o + 18, -10 = 5*o. Let v(n) = m*n - 3*n - n**2 - 7 + 0*n - 2*n + 3*n. What is v(2)?
1
Let j(h) be the second derivative of h**4/12 - h**3 - 5*h**2/2 - 2*h - 327. Suppose -w - 7 = 3*n, -2*n + 5*n - 13 = 4*w. Determine j(w).
35
Let o(y) = -y**2 + 165 - 3*y**2 - 78 + 2*y - 88. Suppose 3 = -3*v + 3*m, -5*v + 2*m - 3*m = -7. What is o(v)?
-3
Suppose -9 = -u + w - 7, w - 1 = 0. Let q(g) = 5*g**2 - 8*g - 5. Let c = 19 + -23. Let o(l) = l**2 - l - 1. Let t(p) = c*o(p) + q(p). What is t(u)?
-4
Let k(i) = -4*i + 5 - 1 - 2. Suppose 2*g + 78 = -4*d + 6*d, -4*d = 3*g - 156. Let v be ((-20)/d + 26/(-169))*-3. What is k(v)?
-6
Let s = -13200 - -13182. Let r(j) = 3*j**3 + 53*j**2 - 17*j + 11. What is r(s)?
-7
Let x(j) = -j**3 - 4*j**2 + 4*j + 2. Suppose -90*s - 49*s - 779 + 84 = 0. Calculate x(s).
7
Let y(i) be the second derivative of -i**5/20 - 5*i**4/2 + 59*i**3/6 - 81*i**2 + 545*i - 1. What is y(-32)?
-2
Let z(u) = 205*u**3 + 152*u**3 - 358*u**3 - 5*u**2 + 7. Calculate z(-3).
-11
Let o(c) = 109*c - 3262. Let z be o(30). Suppose 5*q - 3*y - 4 = -1, -3 = -q + 3*y. Let m(x) = 1 - 3*x + 3*x + q*x + x. Determine m(z).
9
Suppose p - 2*x + 18 = 0, 3*x + 9 = -39*p + 36*p. Let j(r) = 9*r**2 + r - 3. Let k(n) = 4*n**2 + n - 2. Let w(h) = -3*j(h) + 7*k(h). Give w(p).
27
Let o(q) = 2*q**2 + q - 6. Let x(g) = 3*g**3 - 58*g**2 - 44*g - 61. Let j(b) = 12*o(b) - x(b). Calculate j(28).
-11
Suppose -2*s - 7 = -9. Let b = -163 - -182. Let i(u) = -12*u**2 - 9*u**2 - u**3 + 1 + b*u**2. Give i(s).
-2
Suppose 0 = 12*b - 1586 + 614. Suppose -b = -13*g + 4*g. Let i(r) = -r**2 + 9*r + 2. What is i(g)?
2
Let c(j) = -j + 9. Suppose -2*n = -3*x - 16, 5*n - 14 = 2*x + 4. Let o(f) = n*f + f + f**2 - 11 - 6*f**2 + 8*f**2. Let t be o(-3). Calculate c(t).
2
Let z(y) = 36*y + 231. Let g be z(-6). Let r(q) = 6*q - 86. Determine r(g).
4
Let j(y) = 3*y**3 + y**2 - 8*y. Let r be j(2). Let x(u) = -17*u**2 + 30*u**2 + r*u - 5*u - 12*u**2 + 6. Calculate x(-4).
-6
Let b(r) = -r. Let x(f) = -5*f + 2. Let l(m) = 2*m**3 - 3*m**2 + m + 2. Let o be l(-1). Let n(h) = o*b(h) + x(h). Calculate n(6).
-4
Let j(t) = 23*t**3 - 2*t**2 + 52*t - 20. Let i(f) = -10*f**3 + f**2 - 22*f + 10. Let o(d) = 7*i(d) + 3*j(d). Give o(0).
10
Let c(p) = -3*p - 3. Let b(x) = -2*x - 3. Let g(j) = 5*b(j) - 4*c(j). Let n be (2/7)/(17/238). Determine g(n).
5
Suppose 0*z - 2*z + 12 = 0. Let x(g) be the second derivative of -13*g - 4*g**2 + 0 + 1/6*g**3. What is x(z)?
-2
Let r = -74 + 77. Suppose 4*q - 8 - 5 = v, 0 = 4*q + v - r. Let o(p) = -8*p + 93*p**3 - p + 3*p - 6*p**q - 94*p**3 + 2. Determine o(-5).
7
Let q(k) = 3*k**3 - 3*k**2 - 8*k + 2. Let n(c) be the first derivative of -c**4/4 + c**3/3 + 3*c**2/2 - c + 97. Let m(l) = 8*n(l) + 3*q(l). What is m(0)?
-2
Suppose -36 = -2*c + 1176*z - 1179*z, 3*c = -5*z + 60. Let i(s) be the first derivative of s**4/4 - s**3/3 + s**2/2 + 16*s + 1. What is i(c)?
16
Let f(s) be the first derivative of s**4/4 + 7*s**3 + 19*s**2/2 - 4*s + 1275. Calculate f(-20).
16
Let a(j) = 3*j + 6. Let c = 1 + 3. Suppose -3*n = c*g - 7*g - 210, 2*g + 4*n = -158. Let s = g + 68. What is a(s)?
-9
Let k(j) = 10*j + 6. Let a(w) = 22*w + 1146. Let i be a(-52). Calculate k(i).
26
Let y be (0 - -8)/(-2) + -9. Let b(n) = -n - 21. Let p(v) = 1. Let w(u) = b(u) + 3*p(u). What is w(y)?
-5
Let m(q) be the third derivative of -19*q**4/24 + 100*q**3/3 - 262*q**2 - 5*q. Give m(11).
-9
Let b be 7/(-3) + 2/6. Let o(q) be the third derivative of 0*q + 1/8*q**4 + 300*q**2 + 1/2*q**3 + 0. Calculate o(b).
-3
Let i(v) be the third derivative of v**6/120 + v**5/30 - v**4/6 - v**3/3 + 3*v**2. Let g be 1*3 - (5*-33)/(-3). Let u be g/16 + (-18)/(-8) + -2. Calculate i(u).
1
Let d(u) = 2*u + 10. Let y(m) = m + 5. Let w(f) = 2*d(f) - 5*y(f). Let l be w(-7). Let n(h) be the first derivative of h**2 - h + 1. Determine n(l).
3
Let z be (3 + -3)/(-3 - (-2 + 0)). Let p(k) = -54*k + 12. Let l(c) = -19*c + 4. Let q(i) = -17*l(i) + 6*p(i). Determine q(z).
4
Let d(f) be the first derivative of f**4/4 + 19*f**3/3 - 33*f**2 + 17*f + 2683. Determine d(-22).
17
Let k(x) = 3*x**2 + 3*x - 1. Let d(r) = -r**2 - 6*r - 2. Let p be d(-5). Suppose 0 = 145*b - 171*b + 10 + 68. Suppose -z - p*t = b + 6, 2*z = 3*t. What is k(z)?
17
Let x(p) = -17876 - 3*p + 8939 + 8943. Give x(-3).
15
Let p(h) = 6 + 2*h + h + 34. Suppose -v - 17*l + 23*l - 46 = 0, -5*l = -3*v - 73. Give p(v).
-8
Let p(s) = 195*s - s**3 - 190*s - 2*s**2 + 265 - 256. What is p(-3)?
3
Let j(v) = 6*v**2 - v + 7. Let l(t) = -4*t + 13. Let w be l(3). Let d(f) = -f**2 + 1. Let u(k) = w*j(k) + 5*d(k). Give u(0).
12
Let k(o) = 3*o + 6. Let n be 2*3 - (29 + 60/(-4)). Give k(n).
-18
Let l(j) = -164*j - 166*j - 168*j + 2 - 163*j + 659*j. Let m be 1/2 + (-86)/(-4). Suppose -a = -4*p + m, -2*a - 3*a + p - 34 = 0. Calculate l(a).
14
Let l = -821 - -821. Suppose 4*c - t - 25 = l, 18 = -4*t + 14. Let h(j) = j**3 - 5*j**2 - 6*j - 5. Calculate h(c).
-5
Let p(f) = -f**3 - 7*f**2 - 16*f + 10. Let i(z) = -z**3 + 6*z**2 + 14*z - 9. Let k(w) = -9*i(w) - 8*p(w). Give k(-1).
-16
Let a(n) be the third derivative of -n**4/24 - 11*n**3/3 - 357*n**2 - 16. Let z be 107/(-7) + 4/14. Calculate a(z).
-7
Let c(h) = 84*h - 3 - 6*h**2 - 45*h - 41*h + 4. Let a = -18 - -23. Suppose 0 = f - a + 4. Calculate c(f).
-7
Let z(j) = j**2 + 6*j + 64 - 4*j - 63. Let o be ((-18)/(-45))/(6/5 - 1). Suppose x + 1 - 5 = -o*g, 0 = 2*x - 4*g + 24. What is z(x)?
9
Let d(m) be the second derivative of m**4/24 - m**3/3 + 2*m**2 + 26*m. Let o(r) be the first derivative of d(r). Let a = -2 + -2. What is o(a)?
-6
Let m = 16456 + -16468. Let a(j) = -j**3 - 13*j**2 - 17*j - 30. Determine a(m).
30
Let f(j) be the third derivative of 1/60*j**5 + 0*j + 59*j**2